at is 23321 (base 5) in base 2?
11010101111
What is 74c9 (base 14) in base 3?
1000200000
220 (base 14) to base 2
110100100
112112000 (base 3) to base 7
42600
Convert aba0 (base 13) to base 15.
7174
What is -1153c (base 14) in base 15?
-c77e
Convert 23a5 (base 14) to base 15.
1c9b
What is -21066 (base 7) in base 13?
-2496
-20bb (base 14) to base 2
-1011000010101
Convert -4210132 (base 5) to base 10.
-69417
Convert 32021 (base 4) to base 5.
12110
Convert 7b32 (base 12) to base 9.
20732
What is -235 (base 10) in base 16?
-eb
Convert 23311 (base 4) to base 12.
531
What is -33 (base 7) in base 15?
-19
What is 33f (base 16) in base 14?
435
-5490 (base 10) to base 4
-1111302
What is 11012212 (base 3) in base 14?
1198
What is 1661 (base 9) in base 7?
3463
2057 (base 8) to base 2
10000101111
114404 (base 5) to base 14
1830
Convert -69c (base 16) to base 12.
-b90
Convert 18b (base 15) to base 14.
1b6
466 (base 13) to base 2
1011111000
What is -915 (base 12) in base 4?
-110201
What is 5a79 (base 15) in base 11?
13500
Convert -10521 (base 10) to base 7.
-42450
-333132 (base 4) to base 7
-14562
Convert -23144 (base 5) to base 9.
-2260
6 (base 15) to base 2
110
Convert 918 (base 15) to base 16.
800
What is 52373 (base 8) in base 10?
21755
Convert -541 (base 11) to base 16.
-28a
Convert 5770 (base 10) to base 14.
2162
What is 6035 (base 12) in base 11?
7903
Convert -215 (base 8) to base 12.
-b9
Convert -1000111001001 (base 2) to base 16.
-11c9
Convert -100102112 (base 3) to base 5.
-204442
Convert -1191 (base 10) to base 15.
-546
What is 100011110111 (base 2) in base 12?
13b3
What is 100230 (base 4) in base 7?
3054
Convert -14fd (base 16) to base 3.
-21101000
-3237 (base 10) to base 8
-6245
-10212010 (base 3) to base 14
-104b
Convert -798 (base 14) to base 12.
-a56
-364 (base 8) to base 5
-1434
Convert -9b1 (base 13) to base 9.
-2250
2b06 (base 14) to base 4
1313202
Convert -33230 (base 4) to base 3.
-1101012
Convert 3120111 (base 4) to base 13.
63c0
203140 (base 5) to base 3
100011001
Convert 21122 (base 5) to base 10.
1412
-2216 (base 7) to base 13
-494
Convert -867 (base 10) to base 12.
-603
-12405 (base 6) to base 12
-1105
-4031 (base 7) to base 6
-10242
Convert 2e0a (base 16) to base 14.
441c
Convert -3218 (base 9) to base 4.
-210332
Convert -259 (base 14) to base 15.
-216
What is 180 (base 12) in base 7?
462
What is 3362 (base 11) in base 7?
15620
What is 1323 (base 11) in base 8?
3267
Convert -5765 (base 9) to base 6.
-31435
9767 (base 14) to base 5
1314114
Convert 11315 (base 10) to base 9.
16462
Convert 2070 (base 12) to base 15.
10b0
Convert -54530 (base 6) to base 4.
-1311312
Convert -3251 (base 6) to base 13.
-45a
Convert 2826 (base 10) to base 11.
213a
800 (base 9) to base 16
288
12231 (base 4) to base 16
1ad
-37006 (base 8) to base 4
-3320012
What is -10ac (base 14) in base 2?
-101101010000
What is 3336 (base 9) in base 14?
c7d
Convert -1013220 (base 4) to base 6.
-33120
-101100111 (base 2) to base 4
-11213
Convert -5346 (base 8) to base 7.
-11064
What is 30214 (base 5) in base 11?
14a9
What is 1a7 (base 16) in base 10?
423
245 (base 10) to base 16
f5
Convert -11892 (base 10) to base 12.
-6a70
What is 51601 (base 8) in base 9?
32282
What is 12020002 (base 3) in base 4?
323201
Convert -10222021212 (base 3) to base 11.
-53845
Convert 1156 (base 11) to base 7.
4261
2140 (base 7) to base 8
1373
Convert 141 (base 14) to base 6.
1101
3164 (base 13) to base 2
1101010111010
29a (base 16) to base 15
2e6
Convert -3495 (base 11) to base 14.
-1953
Convert -63042 (base 9) to base 8.
-121167
What is -212222 (base 4) in base 10?
-2474
-101203 (base 5) to base 3
-11112100
10021120 (base 3) to base 6
15023
30 (base 5) to base 8
17
Convert -100200202 (base 3) to base 6.
-52415
29d4 (base 14) to base 12
437a
What is 12141 (base 7) in base 3?
11100020
-101111100000 (base 2) to base 5
-44130
Convert -4421 (base 5) to base 6.
-2455
574b (base 13) to base 14
4659
-1420 (base 6) to base 9
-453
Convert 135013 (base 6) to base 14.
490d
What is -276 (base 12) in base 8?
-572
Convert 1011212 (base 4) to base 2.
1000101100110
What is 13856 (base 11) in base 4?
10303033
Convert -20b (base 16) to base 7.
-1345
What is 11011000010 (base 2) in base 6?
12002
1605 (base 8) to base 10
901
Convert 1210022 (base 3) to base 15.
5be
Convert -23035 (base 7) to base 3.
-22000221
217 (base 12) to base 15
157
What is -527 (base 13) in base 4?
-31232
What is -1110001011011 (base 2) in base 12?
-424b
Convert 20626 (base 7) to base 15.
17b1
1084 (base 13) to base 4
210001
2230 (base 5) to base 4
10323
-44453 (base 7) to base 15
-34c5
Convert -413 (base 11) to base 5.
-3443
What is -1997 (base 10) in base 11?
-1556
Convert 1001011101101 (base 2) to base 12.
2979
10222 (base 3) to base 11
98
Convert -10e19 (base 16) to base 15.
-1574a
What is 1001111110111 (base 2) in base 13?
2432
-4302 (base 7) to base 2
-10111110001
What is 2230230 (base 4) in base 8?
25454
What is -5832 (base 9) in base 10?
-4322
What is -21 (base 8) in base 7?
-23
What is -346 (base 11) in base 3?
-120022
Convert 563 (base 16) to base 4.
111203
Convert -10c0 (base 14) to base 8.
-5540
What is -23303 (base 5) in base 6?
-11515
142 (base 15) to base 4
10133
Convert 39a (base 12) to base 16.
226
41715 (base 8) to base 4
10033031
Convert 887 (base 13) to base 12.
a1b
Convert 2331111 (base 4) to base 11.
9116
Convert 1185 (base 10) to base 11.
988
What is -223003 (base 6) in base 14?
-6bc7
-1179 (base 14) to base 16
-be7
Convert -12494 (base 11) to base 13.
-81b2
-2c7 (base 13) to base 2
-111110101
What is 2a84 (base 12) in base 9?
6761
Convert 12453 (base 6) to base 5.
30110
Convert -3c30 (base 14) to base 15.
-3236
-12201 (base 6) to base 2
-11100001001
Convert 10111100 (base 2) to base 6.
512
Convert 1101000000100 (base 2) to base 3.
100010200
What is 958 (base 14) in base 15?
82c
What is 14233 (base 7) in base 2?
111100110111
What is a597 (base 13) in base 10?
22939
-38 (base 12) to base 11
-40
What is 1001101010 (base 2) in base 5?
4433
Convert -507 (base 13) to base 16.
-354
-161346 (base 7) to base 8
-75771
Convert -141b (base 12) to base 3.
-10012012
Convert 4d22 (base 16) to base 6.
231230
-17c1 (base 14) to base 7
-15331
Convert 104612 (base 7) to base 16.
4832
-8141 (base 13) to base 8
-42606
What is 4431 (base 5) in base 10?
616
-202442 (base 5) to base 13
-3025
4263 (base 8) to base 4
202303
What is -48a8 (base 12) in base 10?
-8192
Convert 1013 (base 5) to base 7.
250
7a7 (base 13) to base 10
1320
What is -2421 (base 5) in base 15?
-191
Convert -765 (base 11) to base 8.
-1626
Convert 7147 (base 13) to base 10.
15607
What is 22b8 (base 14) in base 15?
1bcc
-201012122 (base 3) to base 6
-144455
Convert -1b72 (base 12) to base 3.
-11122212
What is -2021 (base 11) in base 13?
-12b7
-232020 (base 5) to base 14
-30ad
Convert -2840 (base 11) to base 12.
-2162
6367 (base 8) to base 2
110011110111
-56c (base 13) to base 5
-12220
-20212 (base 10) to base 15
-5ec7
-30151 (base 7) to base 12
-4274
What is -3124 (base 9) in base 5?
-33130
Convert -1000110001 (base 2) to base 5.
-4221
What is 36ca (base 16) in base 8?
33312
What is -338 (base 15) in base 14?
-3a0
101010110000100 (base 2) to base 14
7d9a
Convert -20012212 (base 3) to base 8.
-10664
430 (base 15) to base 4
32301
Convert 2032 (base 4) to base 9.
167
What is 259 (base 11) in base 9?
370
-5845 (base 9) to base 14
-1818
Convert -3267 (base 10) to base 13.
-1644
10a77 (base 11) to base 12
927b
What is 25522 (base 9) in base 11?
11a0a
Convert 1b36c (base 13) to base 12.
26a39
-122231 (base 5) to base 2
-1001001010011
-2210112 (base 3) to base 9
-2715
Convert 19535 (base 11) to base 2.
110101001111111
What is -10013211 (base 4) in base 13?
-78a8
Convert -bb (base 13) to base 4.
-2122
Convert -855a (base 13) to base 8.
-44100
-869 (base 10) to base 5
-11434
Convert 1122200 (base 4) to base 12.
3428
Convert -2213 (base 12) to base 3.
-12011020
What is 1ea7 (base 16) in base 3?
101202122
-11010011111 (base 2) to base 6
-11503
Convert 4345 (base 8) to base 15.
a1c
What is 22b (base 12) in base 2?
101000011
What is 4230 (base 10) in base 15?
13c0
What is 12022 (base 3) in base 16?
8f
Convert -279a (base 15) to base 9.
-12551
Convert -56767 (base 9) to base 5.
-2202212